t is the highest common divisor of p and c?
15
Let y(o) = -171*o + 1033. Let b be y(-14). Calculate the highest common divisor of b and 23.
23
Suppose 15 = 5*i, -8*r - 2*i + 6282 = -5*r. What is the highest common divisor of 6 and r?
2
Suppose -30*a = -19*a - 3080. Calculate the highest common divisor of a and 644.
28
Suppose 7*q = 28 + 7. Let f(d) = -d**2 + 10*d + 1. Let j be f(q). What is the highest common divisor of j and 208?
26
Let w(q) be the second derivative of -2*q**3/3 - 3*q**2/2 - 575*q. Let s = 0 - 7. Let l be w(s). What is the greatest common factor of 25 and l?
25
Let a be (3 - 10) + 8 + 55. What is the greatest common factor of 1918 and a?
14
Suppose 2*t - 84*w - 71 = -89*w, 4*t = 4*w + 156. Let l be (-174 - -3)*(-4)/6. What is the highest common divisor of l and t?
38
Let c = 45 - 43. Let u be 18*(c/(-3) + 0). Let o be u/12 - (-25 - 1). What is the greatest common factor of o and 25?
25
Let d be (780/(-80))/((-27)/1224). What is the highest common factor of 416 and d?
26
Let y(z) = -17*z**2 + 156*z + 176. Let k be y(10). What is the highest common divisor of 21474 and k?
18
Let p(u) = -u**2 - 7*u - 20. Let b be p(-8). Let m be (7/(98/(-20)))/(2/b). Calculate the highest common divisor of m and 12.
4
Suppose -8 = -5*u - 4*b, 0 = 3*u - b - b + 4. Suppose 24*o - 28*o + 324 = u. Calculate the greatest common divisor of o and 54.
27
Suppose 3*y = 4*a + 132, -2*a - 16 + 210 = 5*y. What is the greatest common factor of y and 8660?
20
Suppose -2*z = 4, -2*l + 126*z - 121*z = -102. What is the highest common factor of 1127 and l?
23
Suppose 445*g = 451*g - 22800. Calculate the highest common divisor of g and 95.
95
Suppose -606*k + 626*k - 2600 = 0. Suppose 5*r - 2*r + 4*q = 10, -5*r + 45 = q. Calculate the highest common factor of k and r.
10
Let n be (4 - 2) + 56/(0 + -4). Let f be (-3)/(((-2)/3)/(n/(-9))). Let r = -4 + 10. What is the highest common divisor of f and r?
6
Let n(f) = 7*f**2 - 9*f - 11. Let a be n(-3). Suppose 0 = v + v - q - 51, 3*v - a = 4*q. What is the greatest common factor of v and 10?
5
Let d = 3 + 3. Let p(t) = t**2 - 318*t + 17048. Let j be p(68). What is the greatest common divisor of j and d?
6
Let g(i) = i + 33. Let a be g(-13). Suppose -3*z + 228 = 3*y, -18*y - 72 = -z - a*y. Calculate the greatest common factor of 48 and z.
16
Suppose 10*k + n = 12*k - 47, 2*k - 5*n = 67. Calculate the highest common factor of 12747 and k.
21
Let h(a) = -17*a + 57. Let t be h(5). Let y be 112/t - (-26)/2. What is the greatest common divisor of y and 477?
9
Suppose 13*o - 294 = 6*o. Let s be -1*(-4 + (67 - 4)). Let x = -31 - s. Calculate the highest common divisor of o and x.
14
Suppose -2*c = 3*h + 2*c + 6, 3*c = -h - 2. Let r be 2 + 25 - ((4 - 0) + h). What is the highest common divisor of 15 and r?
5
Suppose 48*r = 248 + 371 + 821. Calculate the highest common factor of r and 3090.
30
Suppose 16*t + 2815 = 5*d + 11*t, 5*t - 2261 = -4*d. Calculate the greatest common factor of 84 and d.
12
Let k = -154 - -359. Suppose -26 = -0*t - 2*t - 4*d, 0 = 2*t - d - 6. What is the highest common divisor of t and k?
5
Suppose l - 4*l - i = -507, -l + 159 = -3*i. Let k be (-69)/(-1) - ((-12)/(-3) - -2). What is the highest common divisor of k and l?
21
Suppose 5 = 4*c - 11. Suppose 0 = -4*n - 3*z + 3 + 3, -8 = -4*n - c*z. Let h(b) = -b + 104. Let g be h(n). Calculate the greatest common factor of g and 13.
13
Let d(g) = 4*g**3 + 2*g**2 + 7*g - 3. Let n be d(6). Let v = 553 + -514. Calculate the greatest common divisor of n and v.
39
Suppose -3*u + 4*n + 644 = 0, 2*u - 2*n + 650 = 5*u. Suppose -8 = 8*h - u. What is the greatest common factor of h and 2?
2
Suppose -10*c + 11*c - 3*w = 86, c - 92 = 4*w. What is the highest common factor of c and 40324?
68
Let d(g) = -g**3 - 44*g**2 - 96*g - 354. Let v be d(-42). Calculate the highest common factor of v and 775.
25
Suppose 0 = -9*g - 22*g - 4185. Let r be (-14 + 12)*g/2. Suppose 0 = -o + 6*o - 270. What is the greatest common factor of r and o?
27
Let l(p) be the second derivative of -1/2*p**3 + 24*p**2 + 0 + 42*p. Let r be l(15). Calculate the highest common divisor of r and 27.
3
Suppose 0 = -2*i + 68 + 12. Let l = i - 35. Suppose 16 = l*q - 3*q. Calculate the highest common factor of 8 and q.
8
Let l(q) = 2*q**3 + 7*q**2 + 7*q - 2. Let p be l(-2). Let d be 45/(7 - 4) + p. What is the highest common factor of 3 and d?
1
Let f(c) = -c**2 + 30*c - 76. Let i be f(27). Suppose -i*h + 11*h - 3042 = 0. Calculate the highest common factor of 39 and h.
39
Let y(v) = -15*v - 251. Let i be y(-17). Let w = 5 + -1. Suppose -i*b - w*m + 44 = 0, 4*m + 4 = -b + 6*m. Calculate the greatest common factor of 6 and b.
6
Suppose -26*m - 12*m = -8*m - 16860. What is the greatest common divisor of m and 4777?
281
Let r(f) = -18*f**2 + 222*f + 14. Let o(j) = -17*j**2 + 221*j + 15. Let z(x) = 2*o(x) - 3*r(x). Let a be z(12). What is the greatest common factor of 40 and a?
20
Let y be (65*-2 + -3)*(-198)/231. What is the highest common divisor of 950 and y?
38
Let d = 68 - 46. Let b(o) = -o**2 - 206*o + 6925. Let w be b(29). Calculate the greatest common factor of w and d.
22
Let a be (-60)/(110/(-11)) + (-15)/((-30)/304). What is the highest common factor of a and 6478?
158
Let v be (-3 - -11) + (-10 - -2). Suppose -5*j + 83 = 3*w - 117, v = 4*j - w - 160. What is the highest common factor of 50 and j?
10
Let f be 3/((5/(-5) - 0)/(-103)). Suppose -5*i = 2*k - f, -5*i - 240 = -9*i - 4*k. Calculate the greatest common factor of i and 21.
21
Suppose 0 = 5*z - 10, -7*f + 5*f + 2*z = -22. Let w(j) = 42 + 2 - 28*j + 14*j + 13*j. Let r be w(f). What is the greatest common factor of r and 31?
31
Let u = -7 - 6. Let j = -3 - u. Let n = -604 - -704. Calculate the greatest common factor of n and j.
10
Suppose 4*i - 21 = -3*i. Let a be (-10)/6 - (1 - 2/i). Let f be (20/14)/(a - 60/(-28)). What is the greatest common divisor of f and 10?
10
Suppose -9*n + 272 = 8*n. Suppose 46 = 5*w + n. What is the greatest common divisor of 168 and w?
6
Let v(i) be the first derivative of i**3/3 + 5*i**2 + 21*i - 79. Let u be v(0). What is the highest common divisor of u and 1029?
21
Let m(z) = 3*z**3 + 23*z**2 - 86*z + 571. Let d be m(7). What is the greatest common divisor of d and 75?
25
Let t(l) = 21*l + 1445. Let y be t(-65). Calculate the highest common factor of 5360 and y.
80
Let d(t) = -t + 80. Let a be d(0). Suppose 102*n - 103*n = -a. What is the highest common factor of n and 5?
5
Suppose -23 = -5*w + 2. Suppose 5*q = q - 4*n + 16, 0 = w*q - 2*n - 48. Let g be 2/q - 42/(-56). What is the highest common factor of g and 1?
1
Let a be (-4 + (0 - -6))*(131 + -1). What is the highest common factor of a and 884?
52
Let g(y) = 33*y + 11. Let t be g(8). What is the greatest common factor of 880 and t?
55
Let y(l) = -l**3 - 10*l**2 - 3*l + 14. Let t = 291 + -302. Let o be y(t). What is the greatest common divisor of o and 48?
24
Let v(t) = -t**3 - 49*t**2 - 47*t + 169. Let b be v(-48). Let y(f) = f**2 - 5. Let x be y(-4). What is the greatest common factor of x and b?
11
Let n(r) = r**2 + 3*r - 8. Let q be n(-6). Suppose 5*i - 5*o = 425, 120 = -2*i + 3*o + 295. Calculate the highest common factor of q and i.
10
Let w = -374 - -65. Let t = -290 - w. Calculate the greatest common divisor of t and 247.
19
Suppose -4*i - 12 = -7*i, 21 = -n + 4*i. Let h be 6/n*20/3*-3. Calculate the highest common divisor of 216 and h.
24
Suppose -666 - 2610 = -j. Suppose 69*n - 78*n + j = 0. What is the greatest common factor of 28 and n?
28
Let f be -1795*(7/14 + ((-90)/12 - -6)). Calculate the highest common factor of f and 15.
5
Suppose -t = -5*u + 21 - 3, -2*t - 8 = -3*u. Suppose 177 = 3*i + 3*x + x, x = -t*i + 123. What is the greatest common divisor of i and 54?
9
Suppose -4*u - 3*x = -12632, -904*u - x = -905*u + 3151. What is the greatest common divisor of 15 and u?
5
Let s = -12580 - -12595. What is the highest common divisor of 4395 and s?
15
Let g be (855/38)/((-3)/(-26)). Suppose -4*n = -y + 317, -y + 5*n = -3*y + 660. Calculate the highest common factor of y and g.
65
Let l(i) = 8*i**2 + i + 2. Let w be l(8). Let o be ((-140)/(-84))/(663/162 + -4). What is the highest common divisor of w and o?
18
Let q = -18311 + 18677. Calculate the h